{"id":598,"date":"2017-11-30T15:26:41","date_gmt":"2017-11-30T14:26:41","guid":{"rendered":"http:\/\/www.thill-heusbourg.lu\/test\/wordpress\/?page_id=598"},"modified":"2026-04-11T10:20:08","modified_gmt":"2026-04-11T09:20:08","slug":"videos","status":"publish","type":"page","link":"https:\/\/www.thill-heusbourg.lu\/test\/wordpress\/?page_id=598","title":{"rendered":"Meng Video\u00ebn"},"content":{"rendered":"<hr \/>\n<p><a href=\"https:\/\/www.facebook.com\/robert.thillheusbourg\/videos\/1154341537307\/\">Dr. Robert Thill-Heusbourg: Diskussion Euthanasie und Palliativmedizin-Teil 1 (2008)<\/a><\/p>\n<p>https:\/\/www.facebook.com\/robert.thillheusbourg\/videos\/t.1190739962\/1154341537307\/?type=2&amp;video_source=user_video_tab<\/p>\n<p><iframe loading=\"lazy\" title=\"Dr Robert Thill-Heusbourg: Diskussion \u00fcber Euthanasie ADR TV Mee 2008   1  Deel   360p\" width=\"640\" height=\"480\" src=\"https:\/\/www.youtube.com\/embed\/DBCwc2B9KEQ?feature=oembed\" frameborder=\"0\" allow=\"accelerometer; autoplay; clipboard-write; encrypted-media; gyroscope; picture-in-picture; web-share\" referrerpolicy=\"strict-origin-when-cross-origin\" allowfullscreen><\/iframe><\/p>\n<p><a href=\"https:\/\/www.facebook.com\/robert.thillheusbourg\/videos\/1154371658060\/\">Dr. Robert Thill-Heusbourg: Diskussion Euthanasie und Palliativmedizin-Teil 2 (2008)<\/a><\/p>\n<p>https:\/\/www.facebook.com\/robert.thillheusbourg\/videos\/t.1190739962\/1154371658060\/?type=2&amp;video_source=user_video_tab<\/p>\n<p><iframe loading=\"lazy\" title=\"Dr Robert Thill-Heusbourg: Diskussion \u00fcber Euthanasie ADR TV Mee 2008   2  Deel   YouTube 360p\" width=\"640\" height=\"480\" src=\"https:\/\/www.youtube.com\/embed\/mMNOfwxnMRI?feature=oembed\" frameborder=\"0\" allow=\"accelerometer; autoplay; clipboard-write; encrypted-media; gyroscope; picture-in-picture; web-share\" referrerpolicy=\"strict-origin-when-cross-origin\" allowfullscreen><\/iframe><\/p>\n<p><a href=\"https:\/\/www.facebook.com\/robert.thillheusbourg\/videos\/1154415899166\/\">Dr Robert Thill-Heusbourg: Diskussion Euthanasie und Palliativmedizin-Teil 3 (2008)<\/a><\/p>\n<p>https:\/\/www.facebook.com\/robert.thillheusbourg\/videos\/t.1190739962\/1154415899166\/?type=2&#038;video_source=user_video_tab<\/p>\n<p><iframe loading=\"lazy\" title=\"Dr Robert Thill-Heusbourg: Diskussion \u00fcber Euthanasie ADR TV Mee 2008   3  Deel   YouTube 360p\" width=\"640\" height=\"480\" src=\"https:\/\/www.youtube.com\/embed\/GhA9XnUlJWQ?feature=oembed\" frameborder=\"0\" allow=\"accelerometer; autoplay; clipboard-write; encrypted-media; gyroscope; picture-in-picture; web-share\" referrerpolicy=\"strict-origin-when-cross-origin\" allowfullscreen><\/iframe><\/p>\n<p><a href=\"https:\/\/www.facebook.com\/robert.thillheusbourg\/videos\/1154444419879\/\">Dr. Robert Thill-Heusbourg: Diskussion Euthanasie und Palliativmedizin-Teil 4 (2008)<\/a><\/p>\n<p>https:\/\/www.facebook.com\/robert.thillheusbourg\/videos\/t.1190739962\/1154444419879\/?type=2&#038;video_source=user_video_tab<\/p>\n<p><iframe loading=\"lazy\" title=\"Dr Robert Thill-Heusbourg:Diskussion \u00fcber Euthanasie ADR TV Mee 2008   4  Deel   YouTube 360p\" width=\"640\" height=\"480\" src=\"https:\/\/www.youtube.com\/embed\/cFQqDapjlWY?feature=oembed\" frameborder=\"0\" allow=\"accelerometer; autoplay; clipboard-write; encrypted-media; gyroscope; picture-in-picture; web-share\" referrerpolicy=\"strict-origin-when-cross-origin\" allowfullscreen><\/iframe><\/p>\n<hr \/>\n<p><b>Dr Robert Thill-Heusbourg: Test de d\u00e9pistage de drogues, T\u00e9l\u00e9 Journal FR3 Lorraine 2008<\/b><\/p>\n<p><iframe loading=\"lazy\" title=\"Dr Robert Thilll Heusbourg:Tests de de\u0301pistage de drogues Te\u0301le\u0301 Journal France3 Lorraine 2008\" width=\"640\" height=\"360\" src=\"https:\/\/www.youtube.com\/embed\/kUmfvgZJBnM?start=5&#038;feature=oembed\" frameborder=\"0\" allow=\"accelerometer; autoplay; clipboard-write; encrypted-media; gyroscope; picture-in-picture; web-share\" referrerpolicy=\"strict-origin-when-cross-origin\" allowfullscreen><\/iframe><\/p>\n<hr \/>\n<p><b>Dr. Robert Thill-Heusbourg: Interview zum Thema Euthanasie op Nordliicht TV vum 29.10.2008<\/b><\/p>\n<p><iframe loading=\"lazy\" title=\"Dr Robert Thill Heusbourg Interview Euthanasie Nordliicht TV Euthanasie 29 10 2008\" width=\"640\" height=\"480\" src=\"https:\/\/www.youtube.com\/embed\/QvOgI6HOH1I?start=734&#038;feature=oembed\" frameborder=\"0\" allow=\"accelerometer; autoplay; clipboard-write; encrypted-media; gyroscope; picture-in-picture; web-share\" referrerpolicy=\"strict-origin-when-cross-origin\" allowfullscreen><\/iframe><\/p>\n<hr \/>\n<p>Dr. Robert Thill-Heusbourg: Kandidatevierstellung Chamberwalen 2009<\/p>\n<div style=\"width: 318px;\" class=\"wp-video\"><video class=\"wp-video-shortcode\" id=\"video-598-1\" width=\"318\" height=\"240\" preload=\"metadata\" controls=\"controls\"><source type=\"video\/mp4\" src=\"https:\/\/www.thill-heusbourg.lu\/test\/wordpress\/wp-content\/uploads\/Chamberwahlen_2009.mp4?_=1\" \/><a href=\"https:\/\/www.thill-heusbourg.lu\/test\/wordpress\/wp-content\/uploads\/Chamberwahlen_2009.mp4\">https:\/\/www.thill-heusbourg.lu\/test\/wordpress\/wp-content\/uploads\/Chamberwahlen_2009.mp4<\/a><\/video><\/div>\n<hr \/>\n<p><b>Dr. Robert Thill-Heusbourg: Walspot Parlamentswalen 2009<\/b><\/p>\n<p><iframe loading=\"lazy\" title=\"Dr Robert Thill-Heusbourg: Wahlspot Parlamentswahlen 2009\" width=\"640\" height=\"480\" src=\"https:\/\/www.youtube.com\/embed\/-E-ZO7196pA?feature=oembed\" frameborder=\"0\" allow=\"accelerometer; autoplay; clipboard-write; encrypted-media; gyroscope; picture-in-picture; web-share\" referrerpolicy=\"strict-origin-when-cross-origin\" allowfullscreen><\/iframe><\/p>\n<hr \/>\n<p><strong>Dr Robert Thill-Heusbourg: Tableronde Educatioun a Formatioun -19.Mee 2009- 1.Deel<\/strong><\/p>\n<p><iframe loading=\"lazy\" title=\"Dr Robert Thill Heusbourg   Tableronde Educatioun a Formatioun 19 Mee  2009  Deel 1\" width=\"640\" height=\"480\" src=\"https:\/\/www.youtube.com\/embed\/tRLOvEvAWtk?start=1&#038;feature=oembed\" frameborder=\"0\" allow=\"accelerometer; autoplay; clipboard-write; encrypted-media; gyroscope; picture-in-picture; web-share\" referrerpolicy=\"strict-origin-when-cross-origin\" allowfullscreen><\/iframe><\/p>\n<p><strong>Dr Robert Thill-Heusbourg: Tableronde Educatioun a Formatioun -19. Mee 2009- 2.Deel<\/strong><\/p>\n<p><iframe loading=\"lazy\" title=\"Dr Robert Thill Heusbourg Tableronde Educatioun a Formatioun 19 Mee 2009 2 Deel\" width=\"640\" height=\"480\" src=\"https:\/\/www.youtube.com\/embed\/xIOpRY_MR10?feature=oembed\" frameborder=\"0\" allow=\"accelerometer; autoplay; clipboard-write; encrypted-media; gyroscope; picture-in-picture; web-share\" referrerpolicy=\"strict-origin-when-cross-origin\" allowfullscreen><\/iframe><\/p>\n<p><a href=\"https:\/\/www.facebook.com\/robert.thillheusbourg\/videos\/1712248364629\/\"><strong>Dr. Robert Thill-Heusb<\/strong>ourg: Pressekonferenz Gesondheetsreform 10.10.2010<\/a><\/p>\n<p>https:\/\/www.facebook.com\/robert.thillheusbourg\/videos\/t.1190739962\/1712248364629\/?type=2&#038;video_source=user_video_tab<\/p>\n<hr \/>\n<p><b>Dr. Robert Thill-Heusbourg: Interview Nei Drogentester, RTL 30.04.2012<\/b><\/p>\n<p><iframe loading=\"lazy\" title=\"Dr Robert Thill Heusbourg Interview Nei Drogentester RTL 30.04.2012\" width=\"640\" height=\"360\" src=\"https:\/\/www.youtube.com\/embed\/IRDNYxoerx8?feature=oembed\" frameborder=\"0\" allow=\"accelerometer; autoplay; clipboard-write; encrypted-media; gyroscope; picture-in-picture; web-share\" referrerpolicy=\"strict-origin-when-cross-origin\" allowfullscreen><\/iframe><\/p>\n<hr \/>\n<p><b>Dr. Robert Thill-Heusbourg: Pressekonferenz zum Thema L\u00ebtzebuerger Sprooch vum 15.10.2013<\/b><\/p>\n<p><iframe loading=\"lazy\" title=\"Den Dr. Robert Thill-Heusbourg zum Thema L\u00ebtzebuerger Sprooch\" width=\"640\" height=\"360\" src=\"https:\/\/www.youtube.com\/embed\/N3JCERsgf34?start=5&#038;feature=oembed\" frameborder=\"0\" allow=\"accelerometer; autoplay; clipboard-write; encrypted-media; gyroscope; picture-in-picture; web-share\" referrerpolicy=\"strict-origin-when-cross-origin\" allowfullscreen><\/iframe><\/p>\n<hr \/>\n<p><b>Dr. Robert Thill-Heusbourg: Der Abschied von Grenzen und Ritualen, Vortrag in Meran am 30.05.2014<\/b><\/p>\n<p><iframe loading=\"lazy\" title=\"Vortrag Dr Robert Thill Heusbourg Der Abschied von Grenzen und Ritualen Meran 30052014 00209\" width=\"640\" height=\"360\" src=\"https:\/\/www.youtube.com\/embed\/3vCZlLrX7kc?start=242&#038;feature=oembed\" frameborder=\"0\" allow=\"accelerometer; autoplay; clipboard-write; encrypted-media; gyroscope; picture-in-picture; web-share\" referrerpolicy=\"strict-origin-when-cross-origin\" allowfullscreen><\/iframe><\/p>\n<hr \/>\n<p><b>Dr. Robert Thill-Heusbourg: Interview zum Begr\u00ebff Handicap am Kloertext RTL vum 26.01.2016<\/b><\/p>\n<p><iframe loading=\"lazy\" title=\"Dr Robert Thill Heusbourg Interview Kloertext RTL 24 01 2016 RTH\" width=\"640\" height=\"360\" src=\"https:\/\/www.youtube.com\/embed\/eI3GZA4BvMo?feature=oembed\" frameborder=\"0\" allow=\"accelerometer; autoplay; clipboard-write; encrypted-media; gyroscope; picture-in-picture; web-share\" referrerpolicy=\"strict-origin-when-cross-origin\" allowfullscreen><\/iframe><\/p>\n<hr \/>\n","protected":false},"excerpt":{"rendered":"\n<p>Dr. Robert Thill-Heusbourg: Diskussion Euthanasie und Palliativmedizin-Teil 1 (2008)<\/p>\n<p>https:\/\/www.facebook.com\/robert.thillheusbourg\/videos\/t.1190739962\/1154341537307\/?type=2&amp;video_source=user_video_tab<\/p>\n<\/p>\n<p>Dr. Robert Thill-Heusbourg: Diskussion Euthanasie und Palliativmedizin-Teil 2 (2008)<\/p>\n<p>https:\/\/www.facebook.com\/robert.thillheusbourg\/videos\/t.1190739962\/1154371658060\/?type=2&amp;video_source=user_video_tab<\/p>\n<\/p>\n<p>Dr Robert Thill-Heusbourg: Diskussion Euthanasie und Palliativmedizin-Teil 3 (2008)<\/p>\n<p>https:\/\/www.facebook.com\/robert.thillheusbourg\/videos\/t.1190739962\/1154415899166\/?type=2&#038;video_source=user_video_tab<\/p>\n<\/p>\n<p>Dr. Robert Thill-Heusbourg: Diskussion Euthanasie und Palliativmedizin-Teil 4 (2008)<\/p>\n<p>https:\/\/www.facebook.com\/robert.thillheusbourg\/videos\/t.1190739962\/1154444419879\/?type=2&#038;video_source=user_video_tab<\/p>\n<\/p>\n<p>Dr Robert Thill-Heusbourg: Test de d\u00e9pistage de drogues, T\u00e9l\u00e9 Journal [&#8230;]<\/p>\n","protected":false},"author":1,"featured_media":0,"parent":0,"menu_order":0,"comment_status":"closed","ping_status":"closed","template":"","meta":{"footnotes":""},"class_list":["post-598","page","type-page","status-publish","hentry","odd"],"_links":{"self":[{"href":"https:\/\/www.thill-heusbourg.lu\/test\/wordpress\/index.php?rest_route=\/wp\/v2\/pages\/598","targetHints":{"allow":["GET"]}}],"collection":[{"href":"https:\/\/www.thill-heusbourg.lu\/test\/wordpress\/index.php?rest_route=\/wp\/v2\/pages"}],"about":[{"href":"https:\/\/www.thill-heusbourg.lu\/test\/wordpress\/index.php?rest_route=\/wp\/v2\/types\/page"}],"author":[{"embeddable":true,"href":"https:\/\/www.thill-heusbourg.lu\/test\/wordpress\/index.php?rest_route=\/wp\/v2\/users\/1"}],"replies":[{"embeddable":true,"href":"https:\/\/www.thill-heusbourg.lu\/test\/wordpress\/index.php?rest_route=%2Fwp%2Fv2%2Fcomments&post=598"}],"version-history":[{"count":38,"href":"https:\/\/www.thill-heusbourg.lu\/test\/wordpress\/index.php?rest_route=\/wp\/v2\/pages\/598\/revisions"}],"predecessor-version":[{"id":734,"href":"https:\/\/www.thill-heusbourg.lu\/test\/wordpress\/index.php?rest_route=\/wp\/v2\/pages\/598\/revisions\/734"}],"wp:attachment":[{"href":"https:\/\/www.thill-heusbourg.lu\/test\/wordpress\/index.php?rest_route=%2Fwp%2Fv2%2Fmedia&parent=598"}],"curies":[{"name":"wp","href":"https:\/\/api.w.org\/{rel}","templated":true}]}}

Meng Videoën

<hr />
<p><a href="https://www.facebook.com/robert.thillheusbourg/videos/1154341537307/">Dr. Robert Thill-Heusbourg: Diskussion Euthanasie und Palliativmedizin-Teil 1 (2008)</a></p>
<p>https://www.facebook.com/robert.thillheusbourg/videos/t.1190739962/1154341537307/?type=2&amp;video_source=user_video_tab</p>
<p><iframe loading="lazy" title="Dr Robert Thill-Heusbourg: Diskussion über Euthanasie ADR TV Mee 2008   1  Deel   360p" width="640" height="480" src="https://www.youtube.com/embed/DBCwc2B9KEQ?feature=oembed" frameborder="0" allow="accelerometer; autoplay; clipboard-write; encrypted-media; gyroscope; picture-in-picture; web-share" referrerpolicy="strict-origin-when-cross-origin" allowfullscreen></iframe></p>
<p><a href="https://www.facebook.com/robert.thillheusbourg/videos/1154371658060/">Dr. Robert Thill-Heusbourg: Diskussion Euthanasie und Palliativmedizin-Teil 2 (2008)</a></p>
<p>https://www.facebook.com/robert.thillheusbourg/videos/t.1190739962/1154371658060/?type=2&amp;video_source=user_video_tab</p>
<p><iframe loading="lazy" title="Dr Robert Thill-Heusbourg: Diskussion über Euthanasie ADR TV Mee 2008   2  Deel   YouTube 360p" width="640" height="480" src="https://www.youtube.com/embed/mMNOfwxnMRI?feature=oembed" frameborder="0" allow="accelerometer; autoplay; clipboard-write; encrypted-media; gyroscope; picture-in-picture; web-share" referrerpolicy="strict-origin-when-cross-origin" allowfullscreen></iframe></p>
<p><a href="https://www.facebook.com/robert.thillheusbourg/videos/1154415899166/">Dr Robert Thill-Heusbourg: Diskussion Euthanasie und Palliativmedizin-Teil 3 (2008)</a></p>
<p>https://www.facebook.com/robert.thillheusbourg/videos/t.1190739962/1154415899166/?type=2&#038;video_source=user_video_tab</p>
<p><iframe loading="lazy" title="Dr Robert Thill-Heusbourg: Diskussion über Euthanasie ADR TV Mee 2008   3  Deel   YouTube 360p" width="640" height="480" src="https://www.youtube.com/embed/GhA9XnUlJWQ?feature=oembed" frameborder="0" allow="accelerometer; autoplay; clipboard-write; encrypted-media; gyroscope; picture-in-picture; web-share" referrerpolicy="strict-origin-when-cross-origin" allowfullscreen></iframe></p>
<p><a href="https://www.facebook.com/robert.thillheusbourg/videos/1154444419879/">Dr. Robert Thill-Heusbourg: Diskussion Euthanasie und Palliativmedizin-Teil 4 (2008)</a></p>
<p>https://www.facebook.com/robert.thillheusbourg/videos/t.1190739962/1154444419879/?type=2&#038;video_source=user_video_tab</p>
<p><iframe loading="lazy" title="Dr Robert Thill-Heusbourg:Diskussion über Euthanasie ADR TV Mee 2008   4  Deel   YouTube 360p" width="640" height="480" src="https://www.youtube.com/embed/cFQqDapjlWY?feature=oembed" frameborder="0" allow="accelerometer; autoplay; clipboard-write; encrypted-media; gyroscope; picture-in-picture; web-share" referrerpolicy="strict-origin-when-cross-origin" allowfullscreen></iframe></p>
<hr />
<p><b>Dr Robert Thill-Heusbourg: Test de dépistage de drogues, Télé Journal FR3 Lorraine 2008</b></p>
<p><iframe loading="lazy" title="Dr Robert Thilll Heusbourg:Tests de dépistage de drogues Télé Journal France3 Lorraine 2008" width="640" height="360" src="https://www.youtube.com/embed/kUmfvgZJBnM?start=5&#038;feature=oembed" frameborder="0" allow="accelerometer; autoplay; clipboard-write; encrypted-media; gyroscope; picture-in-picture; web-share" referrerpolicy="strict-origin-when-cross-origin" allowfullscreen></iframe></p>
<hr />
<p><b>Dr. Robert Thill-Heusbourg: Interview zum Thema Euthanasie op Nordliicht TV vum 29.10.2008</b></p>
<p><iframe loading="lazy" title="Dr Robert Thill Heusbourg Interview Euthanasie Nordliicht TV Euthanasie 29 10 2008" width="640" height="480" src="https://www.youtube.com/embed/QvOgI6HOH1I?start=734&#038;feature=oembed" frameborder="0" allow="accelerometer; autoplay; clipboard-write; encrypted-media; gyroscope; picture-in-picture; web-share" referrerpolicy="strict-origin-when-cross-origin" allowfullscreen></iframe></p>
<hr />
<p>Dr. Robert Thill-Heusbourg: Kandidatevierstellung Chamberwalen 2009</p>
<div style="width: 318px;" class="wp-video"><video class="wp-video-shortcode" id="video-598-1" width="318" height="240" preload="metadata" controls="controls"><source type="video/mp4" src="https://www.thill-heusbourg.lu/test/wordpress/wp-content/uploads/Chamberwahlen_2009.mp4?_=1" /><a href="https://www.thill-heusbourg.lu/test/wordpress/wp-content/uploads/Chamberwahlen_2009.mp4">https://www.thill-heusbourg.lu/test/wordpress/wp-content/uploads/Chamberwahlen_2009.mp4</a></video></div>
<hr />
<p><b>Dr. Robert Thill-Heusbourg: Walspot Parlamentswalen 2009</b></p>
<p><iframe loading="lazy" title="Dr Robert Thill-Heusbourg: Wahlspot Parlamentswahlen 2009" width="640" height="480" src="https://www.youtube.com/embed/-E-ZO7196pA?feature=oembed" frameborder="0" allow="accelerometer; autoplay; clipboard-write; encrypted-media; gyroscope; picture-in-picture; web-share" referrerpolicy="strict-origin-when-cross-origin" allowfullscreen></iframe></p>
<hr />
<p><strong>Dr Robert Thill-Heusbourg: Tableronde Educatioun a Formatioun -19.Mee 2009- 1.Deel</strong></p>
<p><iframe loading="lazy" title="Dr Robert Thill Heusbourg   Tableronde Educatioun a Formatioun 19 Mee  2009  Deel 1" width="640" height="480" src="https://www.youtube.com/embed/tRLOvEvAWtk?start=1&#038;feature=oembed" frameborder="0" allow="accelerometer; autoplay; clipboard-write; encrypted-media; gyroscope; picture-in-picture; web-share" referrerpolicy="strict-origin-when-cross-origin" allowfullscreen></iframe></p>
<p><strong>Dr Robert Thill-Heusbourg: Tableronde Educatioun a Formatioun -19. Mee 2009- 2.Deel</strong></p>
<p><iframe loading="lazy" title="Dr Robert Thill Heusbourg Tableronde Educatioun a Formatioun 19 Mee 2009 2 Deel" width="640" height="480" src="https://www.youtube.com/embed/xIOpRY_MR10?feature=oembed" frameborder="0" allow="accelerometer; autoplay; clipboard-write; encrypted-media; gyroscope; picture-in-picture; web-share" referrerpolicy="strict-origin-when-cross-origin" allowfullscreen></iframe></p>
<p><a href="https://www.facebook.com/robert.thillheusbourg/videos/1712248364629/"><strong>Dr. Robert Thill-Heusb</strong>ourg: Pressekonferenz Gesondheetsreform 10.10.2010</a></p>
<p>https://www.facebook.com/robert.thillheusbourg/videos/t.1190739962/1712248364629/?type=2&#038;video_source=user_video_tab</p>
<hr />
<p><b>Dr. Robert Thill-Heusbourg: Interview Nei Drogentester, RTL 30.04.2012</b></p>
<p><iframe loading="lazy" title="Dr Robert Thill Heusbourg Interview Nei Drogentester RTL 30.04.2012" width="640" height="360" src="https://www.youtube.com/embed/IRDNYxoerx8?feature=oembed" frameborder="0" allow="accelerometer; autoplay; clipboard-write; encrypted-media; gyroscope; picture-in-picture; web-share" referrerpolicy="strict-origin-when-cross-origin" allowfullscreen></iframe></p>
<hr />
<p><b>Dr. Robert Thill-Heusbourg: Pressekonferenz zum Thema Lëtzebuerger Sprooch vum 15.10.2013</b></p>
<p><iframe loading="lazy" title="Den Dr. Robert Thill-Heusbourg zum Thema Lëtzebuerger Sprooch" width="640" height="360" src="https://www.youtube.com/embed/N3JCERsgf34?start=5&#038;feature=oembed" frameborder="0" allow="accelerometer; autoplay; clipboard-write; encrypted-media; gyroscope; picture-in-picture; web-share" referrerpolicy="strict-origin-when-cross-origin" allowfullscreen></iframe></p>
<hr />
<p><b>Dr. Robert Thill-Heusbourg: Der Abschied von Grenzen und Ritualen, Vortrag in Meran am 30.05.2014</b></p>
<p><iframe loading="lazy" title="Vortrag Dr Robert Thill Heusbourg Der Abschied von Grenzen und Ritualen Meran 30052014 00209" width="640" height="360" src="https://www.youtube.com/embed/3vCZlLrX7kc?start=242&#038;feature=oembed" frameborder="0" allow="accelerometer; autoplay; clipboard-write; encrypted-media; gyroscope; picture-in-picture; web-share" referrerpolicy="strict-origin-when-cross-origin" allowfullscreen></iframe></p>
<hr />
<p><b>Dr. Robert Thill-Heusbourg: Interview zum Begrëff Handicap am Kloertext RTL vum 26.01.2016</b></p>
<p><iframe loading="lazy" title="Dr Robert Thill Heusbourg Interview Kloertext RTL 24 01 2016 RTH" width="640" height="360" src="https://www.youtube.com/embed/eI3GZA4BvMo?feature=oembed" frameborder="0" allow="accelerometer; autoplay; clipboard-write; encrypted-media; gyroscope; picture-in-picture; web-share" referrerpolicy="strict-origin-when-cross-origin" allowfullscreen></iframe></p>
<hr />

<p>Dr. Robert Thill-Heusbourg: Diskussion Euthanasie und Palliativmedizin-Teil 1 (2008)</p>
<p>https://www.facebook.com/robert.thillheusbourg/videos/t.1190739962/1154341537307/?type=2&amp;video_source=user_video_tab</p>
</p>
<p>Dr. Robert Thill-Heusbourg: Diskussion Euthanasie und Palliativmedizin-Teil 2 (2008)</p>
<p>https://www.facebook.com/robert.thillheusbourg/videos/t.1190739962/1154371658060/?type=2&amp;video_source=user_video_tab</p>
</p>
<p>Dr Robert Thill-Heusbourg: Diskussion Euthanasie und Palliativmedizin-Teil 3 (2008)</p>
<p>https://www.facebook.com/robert.thillheusbourg/videos/t.1190739962/1154415899166/?type=2&#038;video_source=user_video_tab</p>
</p>
<p>Dr. Robert Thill-Heusbourg: Diskussion Euthanasie und Palliativmedizin-Teil 4 (2008)</p>
<p>https://www.facebook.com/robert.thillheusbourg/videos/t.1190739962/1154444419879/?type=2&#038;video_source=user_video_tab</p>
</p>
<p>Dr Robert Thill-Heusbourg: Test de dépistage de drogues, Télé Journal [&#8230;]</p>
